{"id":7231,"date":"2023-01-21T21:56:30","date_gmt":"2023-01-21T18:56:30","guid":{"rendered":"http:\/\/cnd-freres.com\/?page_id=7231"},"modified":"2023-01-21T21:56:32","modified_gmt":"2023-01-21T18:56:32","slug":"cine-club","status":"publish","type":"page","link":"http:\/\/cnd-freres.com\/?page_id=7231","title":{"rendered":"Cin\u00e9-Club"},"content":{"rendered":"\n<p>Faisant partie d\u2019un r\u00e9seau lasallien qui s\u2019\u00e9tend sur 80 pays, le CND oeuvre inlassablement pour tisser des liens avec nos partenaires internationaux. C\u2019est dans ce sens qu\u2019un cin\u00e9-club a \u00e9t\u00e9 fond\u00e9 cette ann\u00e9e afin de permettre \u00e0 nos jeunes de regarder des films de genres divers, de mener des r\u00e9flexions autour des th\u00e9matiques pos\u00e9es.<\/p>\n\n\n\n<p>Avec les \u00e9l\u00e8ves du cin\u00e9-club du coll\u00e8ge Saint Charles \u00e0 Cavaillon en France, nos \u00e9l\u00e8ves ont eu la chance de mener une discussion pertinente autour du film \u00ab\u00a0Et maintenant on va o\u00f9\u00a0\u00bb de Nadine Labaki. Entre interrogations sur les relations chr\u00e9tiennes et musulmanes et le r\u00f4le des femmes dans le film, chacun a pu exprimer son ressenti par rapport \u00e0 la situation dans son pays et l&rsquo;\u00e9change fut tr\u00e8s enrichissant. En attendant de pouvoir r\u00e9it\u00e9rer l&rsquo;expression, rendez-vous chaque mardi pour de nouvelles s\u00e9ances !<\/p>\n","protected":false},"excerpt":{"rendered":"<p>Faisant partie d\u2019un r\u00e9seau lasallien qui s\u2019\u00e9tend sur 80 pays, le CND oeuvre inlassablement pour tisser des liens avec nos partenaires internationaux. C\u2019est dans ce sens qu\u2019un cin\u00e9-club a \u00e9t\u00e9 fond\u00e9 cette ann\u00e9e afin de permettre \u00e0 nos jeunes de regarder des films de genres divers, de mener des r\u00e9flexions autour des th\u00e9matiques pos\u00e9es. Avec [&hellip;]<\/p>\n","protected":false},"author":1,"featured_media":0,"parent":0,"menu_order":0,"comment_status":"closed","ping_status":"closed","template":"","meta":{"footnotes":""},"class_list":["post-7231","page","type-page","status-publish","hentry"],"_links":{"self":[{"href":"http:\/\/cnd-freres.com\/index.php?rest_route=\/wp\/v2\/pages\/7231","targetHints":{"allow":["GET"]}}],"collection":[{"href":"http:\/\/cnd-freres.com\/index.php?rest_route=\/wp\/v2\/pages"}],"about":[{"href":"http:\/\/cnd-freres.com\/index.php?rest_route=\/wp\/v2\/types\/page"}],"author":[{"embeddable":true,"href":"http:\/\/cnd-freres.com\/index.php?rest_route=\/wp\/v2\/users\/1"}],"replies":[{"embeddable":true,"href":"http:\/\/cnd-freres.com\/index.php?rest_route=%2Fwp%2Fv2%2Fcomments&post=7231"}],"version-history":[{"count":0,"href":"http:\/\/cnd-freres.com\/index.php?rest_route=\/wp\/v2\/pages\/7231\/revisions"}],"wp:attachment":[{"href":"http:\/\/cnd-freres.com\/index.php?rest_route=%2Fwp%2Fv2%2Fmedia&parent=7231"}],"curies":[{"name":"wp","href":"https:\/\/api.w.org\/{rel}","templated":true}]}}