{"id":7104,"date":"2022-12-21T23:01:11","date_gmt":"2022-12-21T20:01:11","guid":{"rendered":"http:\/\/cnd-freres.com\/?page_id=7104"},"modified":"2023-02-07T10:05:36","modified_gmt":"2023-02-07T07:05:36","slug":"international","status":"publish","type":"page","link":"http:\/\/cnd-freres.com\/?page_id=7104","title":{"rendered":"International"},"content":{"rendered":"\n<p>Les projets internationaux<\/p>\n\n\n\n<p>L\u2019un des objectifs du projet d\u2019\u00e9tablissement \u00e9tant \u00ab \u00e9laborer une communication constructive avec le<br>monde externe et \u00e0 l\u2019interne \u00bb, am\u00e8ne l\u2019\u00e9tablissement \u00e0 une ouverture \u00e0 l\u2019international, avec de<br>nombreux projets partag\u00e9s avec d\u2019autres \u00e9tablissements francophones.<\/p>\n\n\n\n<p>Ces projets permettent l\u2019ouverture \u00e0 l\u2019alt\u00e9rit\u00e9, le dialogue avec l\u2019autre, la d\u00e9couverte de son propre<br>patrimoine ainsi que celui des autres.<\/p>\n\n\n\n<p><strong>Parmi les projets r\u00e9alis\u00e9s durant cette ann\u00e9e :<\/strong><\/p>\n\n\n\n<ul class=\"wp-block-list\">\n<li>R\u00e9cital No\u00ebl : les anges de la grande section ont chant\u00e9 No\u00ebl avec leurs pairs lasalliens en France dans l\u2019\u00e9tablissement Saint Charles-Cavaillon.<\/li>\n<\/ul>\n\n\n\n<figure class=\"wp-block-image size-large\"><a href=\"http:\/\/cnd-freres.com\/wp-content\/uploads\/2023\/02\/image-1.png\"><img loading=\"lazy\" decoding=\"async\" width=\"1024\" height=\"279\" src=\"http:\/\/cnd-freres.com\/wp-content\/uploads\/2023\/02\/image-1-1024x279.png\" alt=\"\" class=\"wp-image-7317\" srcset=\"http:\/\/cnd-freres.com\/wp-content\/uploads\/2023\/02\/image-1-1024x279.png 1024w, http:\/\/cnd-freres.com\/wp-content\/uploads\/2023\/02\/image-1-300x82.png 300w, http:\/\/cnd-freres.com\/wp-content\/uploads\/2023\/02\/image-1-768x209.png 768w, http:\/\/cnd-freres.com\/wp-content\/uploads\/2023\/02\/image-1.png 1301w\" sizes=\"auto, (max-width: 1024px) 100vw, 1024px\" \/><\/a><\/figure>\n\n\n\n<ul class=\"wp-block-list\">\n<li>C\u00e9l\u00e9brons No\u00ebl entre \u00e9l\u00e8ves lasalliens : Les \u00e9l\u00e8ves du cycle 2 (CE2\/EB3) ont f\u00eat\u00e9 No\u00ebl avec les \u00e9l\u00e8ves lasalliens de St Paul- Ath\u00e8nes \u00e0 travers un bouquet d\u2019activit\u00e9s : chansons, bricolage, sayn\u00e8te, po\u00e8mes\u2026<\/li>\n<\/ul>\n\n\n\n<figure class=\"wp-block-image size-large\"><a href=\"http:\/\/cnd-freres.com\/wp-content\/uploads\/2023\/02\/image-2.png\"><img loading=\"lazy\" decoding=\"async\" width=\"1024\" height=\"313\" src=\"http:\/\/cnd-freres.com\/wp-content\/uploads\/2023\/02\/image-2-1024x313.png\" alt=\"\" class=\"wp-image-7318\" srcset=\"http:\/\/cnd-freres.com\/wp-content\/uploads\/2023\/02\/image-2-1024x313.png 1024w, http:\/\/cnd-freres.com\/wp-content\/uploads\/2023\/02\/image-2-300x92.png 300w, http:\/\/cnd-freres.com\/wp-content\/uploads\/2023\/02\/image-2-768x235.png 768w, http:\/\/cnd-freres.com\/wp-content\/uploads\/2023\/02\/image-2.png 1393w\" sizes=\"auto, (max-width: 1024px) 100vw, 1024px\" \/><\/a><\/figure>\n\n\n\n<ul class=\"wp-block-list\">\n<li>Album photos pour le march\u00e9 de No\u00ebl : ce projet a \u00e9t\u00e9 r\u00e9alis\u00e9 par les \u00e9l\u00e8ves d\u2019EB7 avec les apprenants du Lyc\u00e9e Lasalle Passy Buzenval \u2013 France.<\/li>\n<\/ul>\n\n\n\n<figure class=\"wp-block-image size-large\"><a href=\"http:\/\/cnd-freres.com\/wp-content\/uploads\/2023\/02\/image-4.png\"><img loading=\"lazy\" decoding=\"async\" width=\"1024\" height=\"385\" src=\"http:\/\/cnd-freres.com\/wp-content\/uploads\/2023\/02\/image-4-1024x385.png\" alt=\"\" class=\"wp-image-7320\" srcset=\"http:\/\/cnd-freres.com\/wp-content\/uploads\/2023\/02\/image-4-1024x385.png 1024w, http:\/\/cnd-freres.com\/wp-content\/uploads\/2023\/02\/image-4-300x113.png 300w, http:\/\/cnd-freres.com\/wp-content\/uploads\/2023\/02\/image-4-768x289.png 768w, http:\/\/cnd-freres.com\/wp-content\/uploads\/2023\/02\/image-4.png 1260w\" sizes=\"auto, (max-width: 1024px) 100vw, 1024px\" \/><\/a><\/figure>\n\n\n\n<p><strong>La liste des projets propos\u00e9s pour l\u2019ann\u00e9e 2022-2023 :<\/strong><\/p>\n\n\n\n<figure class=\"wp-block-image size-large\"><a href=\"http:\/\/cnd-freres.com\/wp-content\/uploads\/2023\/02\/image-5.png\"><img loading=\"lazy\" decoding=\"async\" width=\"1024\" height=\"551\" src=\"http:\/\/cnd-freres.com\/wp-content\/uploads\/2023\/02\/image-5-1024x551.png\" alt=\"\" class=\"wp-image-7321\" srcset=\"http:\/\/cnd-freres.com\/wp-content\/uploads\/2023\/02\/image-5-1024x551.png 1024w, http:\/\/cnd-freres.com\/wp-content\/uploads\/2023\/02\/image-5-300x161.png 300w, http:\/\/cnd-freres.com\/wp-content\/uploads\/2023\/02\/image-5-768x413.png 768w, http:\/\/cnd-freres.com\/wp-content\/uploads\/2023\/02\/image-5.png 1170w\" sizes=\"auto, (max-width: 1024px) 100vw, 1024px\" \/><\/a><\/figure>\n\n\n\n<figure class=\"wp-block-image size-large\"><a href=\"http:\/\/cnd-freres.com\/wp-content\/uploads\/2023\/02\/image-6.png\"><img loading=\"lazy\" decoding=\"async\" width=\"1024\" height=\"680\" src=\"http:\/\/cnd-freres.com\/wp-content\/uploads\/2023\/02\/image-6-1024x680.png\" alt=\"\" class=\"wp-image-7322\" srcset=\"http:\/\/cnd-freres.com\/wp-content\/uploads\/2023\/02\/image-6-1024x680.png 1024w, http:\/\/cnd-freres.com\/wp-content\/uploads\/2023\/02\/image-6-300x199.png 300w, http:\/\/cnd-freres.com\/wp-content\/uploads\/2023\/02\/image-6-768x510.png 768w, http:\/\/cnd-freres.com\/wp-content\/uploads\/2023\/02\/image-6.png 1246w\" sizes=\"auto, (max-width: 1024px) 100vw, 1024px\" \/><\/a><\/figure>\n","protected":false},"excerpt":{"rendered":"<p>Les projets internationaux L\u2019un des objectifs du projet d\u2019\u00e9tablissement \u00e9tant \u00ab \u00e9laborer une communication constructive avec lemonde externe et \u00e0 l\u2019interne \u00bb, am\u00e8ne l\u2019\u00e9tablissement \u00e0 une ouverture \u00e0 l\u2019international, avec denombreux projets partag\u00e9s avec d\u2019autres \u00e9tablissements francophones. Ces projets permettent l\u2019ouverture \u00e0 l\u2019alt\u00e9rit\u00e9, le dialogue avec l\u2019autre, la d\u00e9couverte de son proprepatrimoine ainsi que celui [&hellip;]<\/p>\n","protected":false},"author":1,"featured_media":0,"parent":0,"menu_order":0,"comment_status":"closed","ping_status":"closed","template":"","meta":{"footnotes":""},"class_list":["post-7104","page","type-page","status-publish","hentry"],"_links":{"self":[{"href":"http:\/\/cnd-freres.com\/index.php?rest_route=\/wp\/v2\/pages\/7104","targetHints":{"allow":["GET"]}}],"collection":[{"href":"http:\/\/cnd-freres.com\/index.php?rest_route=\/wp\/v2\/pages"}],"about":[{"href":"http:\/\/cnd-freres.com\/index.php?rest_route=\/wp\/v2\/types\/page"}],"author":[{"embeddable":true,"href":"http:\/\/cnd-freres.com\/index.php?rest_route=\/wp\/v2\/users\/1"}],"replies":[{"embeddable":true,"href":"http:\/\/cnd-freres.com\/index.php?rest_route=%2Fwp%2Fv2%2Fcomments&post=7104"}],"version-history":[{"count":0,"href":"http:\/\/cnd-freres.com\/index.php?rest_route=\/wp\/v2\/pages\/7104\/revisions"}],"wp:attachment":[{"href":"http:\/\/cnd-freres.com\/index.php?rest_route=%2Fwp%2Fv2%2Fmedia&parent=7104"}],"curies":[{"name":"wp","href":"https:\/\/api.w.org\/{rel}","templated":true}]}}

<p>Les projets internationaux</p>



<p>L’un des objectifs du projet d’établissement étant « élaborer une communication constructive avec le<br>monde externe et à l’interne », amène l’établissement à une ouverture à l’international, avec de<br>nombreux projets partagés avec d’autres établissements francophones.</p>



<p>Ces projets permettent l’ouverture à l’altérité, le dialogue avec l’autre, la découverte de son propre<br>patrimoine ainsi que celui des autres.</p>



<p><strong>Parmi les projets réalisés durant cette année :</strong></p>



<ul class="wp-block-list">
<li>Récital Noël : les anges de la grande section ont chanté Noël avec leurs pairs lasalliens en France dans l’établissement Saint Charles-Cavaillon.</li>
</ul>



<figure class="wp-block-image size-large"><a href="http://cnd-freres.com/wp-content/uploads/2023/02/image-1.png"><img loading="lazy" decoding="async" width="1024" height="279" src="http://cnd-freres.com/wp-content/uploads/2023/02/image-1-1024x279.png" alt="" class="wp-image-7317" srcset="http://cnd-freres.com/wp-content/uploads/2023/02/image-1-1024x279.png 1024w, http://cnd-freres.com/wp-content/uploads/2023/02/image-1-300x82.png 300w, http://cnd-freres.com/wp-content/uploads/2023/02/image-1-768x209.png 768w, http://cnd-freres.com/wp-content/uploads/2023/02/image-1.png 1301w" sizes="auto, (max-width: 1024px) 100vw, 1024px" /></a></figure>



<ul class="wp-block-list">
<li>Célébrons Noël entre élèves lasalliens : Les élèves du cycle 2 (CE2/EB3) ont fêté Noël avec les élèves lasalliens de St Paul- Athènes à travers un bouquet d’activités : chansons, bricolage, saynète, poèmes…</li>
</ul>



<figure class="wp-block-image size-large"><a href="http://cnd-freres.com/wp-content/uploads/2023/02/image-2.png"><img loading="lazy" decoding="async" width="1024" height="313" src="http://cnd-freres.com/wp-content/uploads/2023/02/image-2-1024x313.png" alt="" class="wp-image-7318" srcset="http://cnd-freres.com/wp-content/uploads/2023/02/image-2-1024x313.png 1024w, http://cnd-freres.com/wp-content/uploads/2023/02/image-2-300x92.png 300w, http://cnd-freres.com/wp-content/uploads/2023/02/image-2-768x235.png 768w, http://cnd-freres.com/wp-content/uploads/2023/02/image-2.png 1393w" sizes="auto, (max-width: 1024px) 100vw, 1024px" /></a></figure>



<ul class="wp-block-list">
<li>Album photos pour le marché de Noël : ce projet a été réalisé par les élèves d’EB7 avec les apprenants du Lycée Lasalle Passy Buzenval – France.</li>
</ul>



<figure class="wp-block-image size-large"><a href="http://cnd-freres.com/wp-content/uploads/2023/02/image-4.png"><img loading="lazy" decoding="async" width="1024" height="385" src="http://cnd-freres.com/wp-content/uploads/2023/02/image-4-1024x385.png" alt="" class="wp-image-7320" srcset="http://cnd-freres.com/wp-content/uploads/2023/02/image-4-1024x385.png 1024w, http://cnd-freres.com/wp-content/uploads/2023/02/image-4-300x113.png 300w, http://cnd-freres.com/wp-content/uploads/2023/02/image-4-768x289.png 768w, http://cnd-freres.com/wp-content/uploads/2023/02/image-4.png 1260w" sizes="auto, (max-width: 1024px) 100vw, 1024px" /></a></figure>



<p><strong>La liste des projets proposés pour l’année 2022-2023 :</strong></p>



<figure class="wp-block-image size-large"><a href="http://cnd-freres.com/wp-content/uploads/2023/02/image-5.png"><img loading="lazy" decoding="async" width="1024" height="551" src="http://cnd-freres.com/wp-content/uploads/2023/02/image-5-1024x551.png" alt="" class="wp-image-7321" srcset="http://cnd-freres.com/wp-content/uploads/2023/02/image-5-1024x551.png 1024w, http://cnd-freres.com/wp-content/uploads/2023/02/image-5-300x161.png 300w, http://cnd-freres.com/wp-content/uploads/2023/02/image-5-768x413.png 768w, http://cnd-freres.com/wp-content/uploads/2023/02/image-5.png 1170w" sizes="auto, (max-width: 1024px) 100vw, 1024px" /></a></figure>



<figure class="wp-block-image size-large"><a href="http://cnd-freres.com/wp-content/uploads/2023/02/image-6.png"><img loading="lazy" decoding="async" width="1024" height="680" src="http://cnd-freres.com/wp-content/uploads/2023/02/image-6-1024x680.png" alt="" class="wp-image-7322" srcset="http://cnd-freres.com/wp-content/uploads/2023/02/image-6-1024x680.png 1024w, http://cnd-freres.com/wp-content/uploads/2023/02/image-6-300x199.png 300w, http://cnd-freres.com/wp-content/uploads/2023/02/image-6-768x510.png 768w, http://cnd-freres.com/wp-content/uploads/2023/02/image-6.png 1246w" sizes="auto, (max-width: 1024px) 100vw, 1024px" /></a></figure>

<p>Les projets internationaux L’un des objectifs du projet d’établissement étant « élaborer une communication constructive avec lemonde externe et à l’interne », amène l’établissement à une ouverture à l’international, avec denombreux projets partagés avec d’autres établissements francophones. Ces projets permettent l’ouverture à l’altérité, le dialogue avec l’autre, la découverte de son proprepatrimoine ainsi que celui [&hellip;]</p>
